**2. What is the units digit of o(-6)?
2
Let i be 105/28 - 2/(-8). Let t(n) = 2*n**2 + 4*n - 1. Let w be t(i). Suppose 2*b + q = 59, b + 4*q = w - 7. What is the units digit of b?
8
Let q = 5476 + -2716. What is the hundreds digit of q?
7
Let f(h) = h + 1. Let w be f(2). Let l be w - (0 - -3) - -2. Suppose -l*o + 19 = -o. What is the units digit of o?
9
Let v(j) = 85*j**3 + 3*j**2 - 7*j - 3. What is the hundreds digit of v(2)?
6
Let u = -3166 + 5267. What is the units digit of u?
1
Let p(l) = 11*l**2 + 273*l + 34. What is the tens digit of p(-37)?
9
Suppose -3*w + 757 + 1024 = -2*s, 3*w - 1793 = -4*s. What is the hundreds digit of w?
5
Let q be 36*((-85)/(-10) - 8). Let d be (-4)/14 + 75/(-7). Let l = q + d. What is the units digit of l?
7
Let x = 75 + 415. What is the tens digit of x?
9
Let a be 26/91 + 37/(-7). Let j be (-4)/10*-1*a. What is the units digit of j*(3/6 + -1)?
1
Suppose 2*g - 25 = 2*m + g, 50 = -5*m + 5*g. What is the tens digit of (5/m)/((-3)/171)?
1
Let q be ((-10)/(-5))/((-1)/(-2)) - 4. Suppose 25 = -4*i + 9, q = -t + i + 82. What is the tens digit of t?
7
Let m be 63/(-2)*18/(-27). Suppose 3*k - 4*v = -v + m, 4*v - 8 = 0. Let u = 10 + k. What is the units digit of u?
9
Suppose -4*n - 3*g + 6*g + 3443 = 0, -2*n = -g - 1721. What is the units digit of n?
0
Let y(p) = -13*p + 5*p**3 + 12 - 3*p**3 - 3*p**3 + 0*p**3 + 13*p**2. Let s be y(12). What is the tens digit of (-18 + s)/((-9)/6)?
1
Suppose 2*m - 1046 = -4*b - 0*m, -4*b - 5*m = -1043. What is the tens digit of b?
6
Let g(y) = 40*y**2 - 23*y - 58. What is the tens digit of g(-4)?
7
Suppose 0 = 5*l - 104 - 81. Suppose 2*r - l - 61 = 0. Suppose -3*h = -5*u - 55 - r, -3*u = 12. What is the tens digit of h?
2
Let q = 14 + 54. Suppose 3 = j, -16 = -0*a + a + 2*j. Let s = q + a. What is the units digit of s?
6
Suppose 5*v + 28 - 43 = 0. Suppose 2*f + v*f - 361 = -4*i, 73 = f + i. What is the units digit of f?
9
Let x(s) = 4*s**3 - 11*s**2 + 27*s - 22. What is the tens digit of x(8)?
3
Suppose -5*t - a - 3*a - 10 = 0, t + 13 = -3*a. Let k be 1 + ((-6)/4)/(5/(-10)). Suppose 0*b = -5*n - 4*b + 113, 50 = t*n + k*b. What is the units digit of n?
1
Suppose 2*d - 11 = 13. Let j(r) = r**3 - 6*r**2 + 4*r - 9. Let w be j(6). Suppose d*b - 17*b = -w. What is the units digit of b?
3
Let o be -2 + 5 + 1 + -2. Suppose -h - h - o*j = 0, -h + 3*j + 8 = 0. Suppose 0 = 5*u + 2*d - 265, -4*u + 212 = -h*d + 4*d. What is the tens digit of u?
5
Suppose -4*l - 28 = 4*y, 3*l - 5 = 4*y + 2. Let w be (4 - 3)/((-2)/98). What is the units digit of 1/1 - (w - l)?
7
Let d = 453 + -313. Suppose -2*q + 14 = -d. What is the tens digit of q?
7
Let o(i) = 58*i + 9. Let w(t) = 1. Let j(s) = -o(s) + 6*w(s). Let g(p) = p**3 + 15*p**2 + p + 14. Let q be g(-15). What is the tens digit of j(q)?
5
What is the units digit of ((-2)/8)/(135800/33952 + -4)?
1
Suppose -413 = -4*p + u + 364, -4*u + 597 = 3*p. What is the hundreds digit of p?
1
Suppose -p = -2*p - 1. Let t be ((-9)/(-6) + p)*0. Suppose 0 = -w - t*w + 28. What is the units digit of w?
8
Let k(i) = -i - 1. Let p(r) = -6*r - 2. Let a be 1/(-2 + (-1 - -4)). Let u(o) = a*k(o) + p(o). What is the tens digit of u(-2)?
1
Let h(b) = 2*b**3 - 10*b**2 - 21*b + 28. What is the thousands digit of h(13)?
2
Let k be 16/112 + 1/(-7). Suppose k*a + 2*a - 40 = -5*j, 3*a - 60 = -j. What is the units digit of a?
0
What is the units digit of (-15659)/(-35) + (-1 - 3/(-5))?
7
Let g(u) be the first derivative of -u**4/4 - 13*u**3/3 + 2*u**2 - 8*u + 8. Let b be g(-14). Let j = b + -81. What is the tens digit of j?
5
Suppose 1 + 9 = 2*t. Suppose t*m = -0 + 40. Let b = m - 6. What is the units digit of b?
2
Suppose -119 = -2*n - 29. What is the hundreds digit of 6*168/n*2*5?
2
Let o(m) = 13*m + 53. Let t be o(-4). Let h(a) = -16*a**2 + 4 + 41*a**2 - 5. What is the tens digit of h(t)?
2
Let y = -26 + 28. What is the units digit of y*1/(-6)*-18?
6
Suppose 0 = -26*d + 37*d - 23628. What is the thousands digit of d?
2
What is the units digit of (-3)/(-12) - ((-231275)/(-20))/(-5)?
3
Let h(l) = 2*l**2 - 5*l - 9. Let s be 1/(-4)*(0 - 2)*-10. What is the units digit of h(s)?
6
Let y = -105 - -232. Suppose 4*i + 3*v = 6*v + 463, 3*v = i - y. What is the units digit of i?
2
Let n = 1002 - 386. What is the hundreds digit of n?
6
Suppose -21 = -7*x - 0*x. What is the units digit of ((-2)/x)/((-38)/4503)?
9
Suppose -5*w + 114 = 509. Let u = -43 - w. What is the tens digit of u?
3
Suppose 17*q - 476 = 34. What is the units digit of q?
0
What is the units digit of (16/(-6))/((-42)/7623)?
4
Suppose -3*y + 2 + 10 = 0. Suppose -4*k + 8*u = y*u + 16, -3*k = -4*u + 12. Let r(a) = a**3 + 6*a**2 + 3*a + 5. What is the tens digit of r(k)?
2
Let c = 2 - -2. Let u(f) = -c + 7*f + 4*f**2 - 5*f**2 + f**3 - 5*f + 7*f**2. What is the units digit of u(-5)?
1
Suppose 2*u - u = -2*z - 35, -4*z - 45 = u. Let k = u + 33. What is the units digit of k?
8
Let s(x) = -x**3 - x**2 + 6*x + 3. Suppose -7*g + 4*g + 6 = 0. Suppose g*t + 12 = -m, -3*m = 2*m - 5*t. What is the units digit of s(m)?
7
Let v = -73 + 73. Suppose d - 3*d - 8 = v, 5*s - d = 884. What is the tens digit of s?
7
Suppose 13*z = 10*z - 7*z. Suppose z*i = -4*i - 3*k + 277, 0 = -2*k - 10. What is the units digit of i?
3
Let f = -891 - -933. What is the units digit of f?
2
What is the tens digit of (-3 - 7)/((-2)/1504*4)?
8
Let r = 4 + -4. Suppose r = 3*b, -2*m = -0*m - 3*b - 6. Suppose 29 = 5*v - m*y, 6*y + 20 = 4*v + 2*y. What is the units digit of v?
7
Suppose 6*w = 3*w - 72. What is the tens digit of 4/(-6) - 304/w?
1
Let n(i) = i**2 - 14*i + 48. Let z be n(21). Let j = z - 24. What is the units digit of j?
1
Suppose -4 = -2*z + 12. Suppose -2*c - 4 = -j - 15, 2*j - z = -c. What is the tens digit of (-21)/(2*(-3)/c)?
2
Let l(w) = 57*w + 612. What is the hundreds digit of l(45)?
1
Suppose -3*b = 5*o - 154, -5*o = -7 - 3. Let u be (b/(-10))/((-24)/400). Suppose -3*w + u = -w. What is the tens digit of w?
4
What is the tens digit of -11 + 373 + (0 - 1)*0?
6
Let p(k) = -2*k - 7. Suppose -d - 50 = 5*x, 7 + 53 = -5*x - 3*d. What is the tens digit of p(x)?
1
Suppose -22*m + 20*m = -2120. What is the tens digit of m?
6
Suppose -309 = -13*d + 328. What is the units digit of d?
9
Suppose -6*w = -13128 - 3534. What is the thousands digit of w?
2
Suppose 3*n + 21 = 6*n. What is the units digit of n/(-6)*(-16)/56*309?
3
Suppose -6*d = -8*d - 2. What is the units digit of 0 - (1 - d) - -55?
3
Suppose -29*z = -25085 - 72761. What is the units digit of z?
4
Let s = 378 + 462. Suppose 4*k + 4*k - s = 0. What is the tens digit of k?
0
Let w(b) = -2*b**3 + 11*b**2 + 12*b - 1. What is the tens digit of w(-5)?
6
Let i(t) = t**2 - 3*t + 11. Let m(l) = -7*l + 26 + 10 + l**2 - 14. Let j(r) = 5*i(r) - 3*m(r). What is the tens digit of j(-8)?
6
What is the tens digit of 1348/32 + -3 - (-6)/(-48)?
3
Suppose o = -4*o - 20. What is the tens digit of (42 + 2)*(-5)/o?
5
Let b = -44 - -46. Suppose -v = -5*a - 55, -119 = -b*v - 0*v + a. What is the tens digit of v?
6
Let t(b) = b**2 + b + 27. Let q be t(0). Let z = q - 12. What is the units digit of z/1 + 4 + -1?
8
Let u be 2/(-11) - 357/33. Let g be ((-385)/u)/(1/1). Let i = g - 19. What is the tens digit of i?
1
Let k(b) = -40*b - 2. Suppose 5*c = -1 - 4. What is the units digit of k(c)?
8
Suppose -21 + 5 = -4*n. Suppose -23 = -n*w + 65. What is the tens digit of w?
2
Let o(a) = 256*a**2 + 2*a - 1. What is the units digit of o(-4)?
7
Let s(j) = -2*j**3 - j**2 + 1. Let t be s(-1). Suppose -t*z = -4*r + 102, -4*z = 4*r - 9*z - 93. What is the tens digit of r?
2
Let x be (5 + (-44)/3)/(1/(-6)). Suppose 0 = -5*t - 13 + x. What is the units digit of t?
9
Let o(p) = -25*p**3 - 2*p**2 + 2*p. Let x be o(1). What is the units digit of (-130)/(-4)*((-520)/x)/2?
8
Let x(c) = 6*c**2 - 2*c + 26. Let b be x(-5). Suppose -4*i = -j + b, 0*j - 3*i + 158 = j. What is the hundreds digit of j?
1
Let n(y) = -y**3 - 4*y**2 - 6*y - 5. Let x be n(-3). Let u = x - -9. What is the units digit of u?
3
Let q(l) = l**2 + 6*l - 1. Let g(c) = c + 8. Let w be g(-4). What is the units digit of q(w)?
9
Let d(p) be the first derivative of p**4/4 + 10*p**3/3 - 2*p**2 - 19*p + 2. What is the units digit of d(-10)?
1
Let i be ((-3)/(-1))/((-3)/57). What is the units d